 + 2. Let u be k(-2). Let l = u - i. What is the highest common factor of 24 and l?
8
Let z be 17 + 1/(-1)*-3. Suppose m - z = 13. Calculate the highest common divisor of 11 and m.
11
Suppose 3*l - 7*l = -24. Suppose -18 - l = -3*i + 3*z, 8 = -4*z. Let d be (6/5)/(2/30). What is the greatest common divisor of i and d?
6
Let o = 13 - -3. What is the greatest common divisor of o and 24?
8
Let x = 9 + -8. Let u be ((-1)/(-2))/(1/2). Let n(h) = 5*h**3. Let w be n(u). What is the greatest common divisor of w and x?
1
Suppose 6 = 2*s - 184. Let m be 9/27 + s/3. Let t(i) = -11*i + 4. Let x be t(-4). What is the highest common divisor of m and x?
16
Let b be -2 + (-51)/(-3) + 1. Let a be (-2)/3 + 16/6. Let k be 472/12 + a/3. Calculate the greatest common divisor of k and b.
8
Let t be (-75)/(-27) + (-4)/(-18). Suppose -2*f - t*f = -15. What is the greatest common divisor of f and 6?
3
Let i be (-10)/((-4)/2) - 1. Let j be 392/16 - 2/i. Let l be 9/2 + (-2)/4. Calculate the highest common factor of j and l.
4
Let h(c) = -c**3 - 2*c**2 - 5*c - 4. Let w be h(-2). What is the highest common divisor of 15 and w?
3
Let b(z) = 29*z + 4. Suppose -4*p + 16 = -0. Let q be b(p). What is the highest common divisor of 15 and q?
15
Let w(t) = -t**2 - 2*t + 2. Let p be w(-2). Let f be 15/2*24/9. Let o be 64/f*5/p. What is the highest common divisor of 88 and o?
8
Let d(c) be the second derivative of -2*c + 9/2*c**2 - 1/20*c**5 + 7/12*c**4 + 0 + 1/2*c**3. Let w be d(7). What is the greatest common factor of 10 and w?
10
Suppose 4*u = 3*u + 39. Calculate the greatest common factor of 13 and u.
13
Let f(d) = d**2 + 2*d - 1. Let h be f(-3). Suppose -g = -4*k - 2*g + 43, 0 = 4*k - 3*g - 31. Suppose 10 = 4*n - k. What is the highest common factor of n and h?
1
Let p = -9 - -7. Let c = 6 + p. What is the greatest common divisor of 16 and c?
4
Suppose -n + 32 = -87. Suppose 5*c - y = 22, 13 + 12 = 2*c + 5*y. Suppose 37 = -c*i + 122. What is the highest common factor of i and n?
17
Suppose j = -2*t + 29, -4*t + 2*j = 5*j - 61. Let f be 104/(-20)*(-10 + 0). What is the highest common divisor of f and t?
13
Suppose -2*i + 7*i - 15 = 0. Suppose -i*x + 4*m + 34 = 0, 4*m - 8 = -4*x - 0. Let v be 14*(1 - 3/x). What is the highest common factor of 63 and v?
7
Let l(b) = -2*b**2 + 18*b + 6. Let i be l(9). Calculate the greatest common divisor of 18 and i.
6
Suppose -16 = -w - 2*l, -3*w - 3*l = -4 - 35. Suppose -525*t + 225 = -516*t. What is the highest common factor of t and w?
5
Let n(w) = -7*w**3 - w - 1. Let u be n(-1). Let a be (-10)/2 + 3 - -6. Let g = 5 - a. Calculate the highest common factor of g and u.
1
Let o be 8*(-4 - -3)*-1. Calculate the highest common divisor of 40 and o.
8
Let t(j) = j - 5. Let p be t(5). Suppose p = 5*i - 13 - 47. What is the greatest common divisor of i and 6?
6
Let o = -5 - -6. What is the highest common factor of 11 and o?
1
Suppose 0 = 4*b + 12, -2*k + 8*b - 9*b + 7 = 0. Calculate the highest common factor of k and 55.
5
Let v be 3*2*4/(-6). Let y be 3 + (-44)/v*1. Calculate the greatest common divisor of 7 and y.
7
Let p = -54 - -67. What is the greatest common factor of p and 1?
1
Suppose 4*z + 10 = 34. Suppose 0*s = -2*s + z. Suppose 4*h - t - 40 = s*t, 0 = -5*h + 2*t + 53. What is the greatest common divisor of h and 33?
11
Let m(j) = j**3 - 5*j**2 + 6*j - 6. Let h be m(4). Let l = -35 + 57. Calculate the highest common divisor of h and l.
2
Suppose 0 = 2*b + b - 108. Suppose -5*k + 2*k - 3*m = -b, -5*k + 42 = -m. What is the highest common divisor of k and 81?
9
Let f(d) = d**2 + 7*d + 16. Let v be f(-7). Let z be v/2*3/2. Calculate the highest common divisor of z and 24.
12
Suppose -59*s + 532 = -55*s. What is the highest common divisor of s and 14?
7
Suppose -3 = a - 6. Suppose -4*x = 4*t + 54 - 782, -x + a*t + 162 = 0. Suppose x = 2*u - 3. Calculate the greatest common divisor of u and 9.
9
Suppose 5*w - r - 14 = 0, -4*r + 3 = -r. Calculate the highest common factor of 24 and w.
3
Let o be ((-18)/(-8))/(-5 + 482/96). Calculate the highest common factor of 72 and o.
36
Let c be (-6)/2*4/(-3). Calculate the greatest common factor of 44 and c.
4
Suppose 0 = -3*d - x + 1, 25 = -2*x - 3*x. What is the highest common divisor of 2 and d?
2
Let w = 54 + -43. Calculate the highest common factor of 1 and w.
1
Suppose 2*q = -2*q + 16. Let x = q + 5. Suppose 0 = -3*w + 4*h + 239, w - 3*h = -40 + 118. Calculate the highest common divisor of w and x.
9
Let g be 6/(-9)*(-855)/6. Let m = g + -44. What is the greatest common factor of 34 and m?
17
Suppose 5*j + 33 = 13. Let q be 549/36 + 1/j. Suppose -u = 3*u - 24. Calculate the highest common divisor of u and q.
3
Let n be (8/(-6))/(4/(-6)). Let w(h) = -h**2 + h + 88. Let o be w(0). Suppose 2*m = 6*m - o. What is the greatest common divisor of n and m?
2
Let g be (2/1)/(13/156). What is the greatest common divisor of g and 3?
3
Let g be 2 + 1 + (-1 - 114). Let b = -64 - g. What is the highest common factor of b and 6?
6
Let c = -200 - -306. Suppose 5*q - c = 64. Calculate the greatest common factor of q and 51.
17
Let j be (-15)/35 + (-342)/(-14). Suppose 4*y - 20 = 0, -2*y + j + 12 = 2*k. What is the greatest common divisor of 143 and k?
13
Let i(z) = 15*z + 9. Let h be i(6). What is the greatest common factor of 9 and h?
9
Let q = 1 + 2. Let y be 95/4 - q/(-12). Calculate the highest common factor of 96 and y.
24
Suppose 3*i + 5*j + 2 = -0, -j - 18 = 5*i. Let w = 6 + i. Suppose 22 = -w*z + 4*z. Calculate the highest common divisor of 11 and z.
11
Let w(g) = -g + 99. Let r be 2/(3*-1 + 1). Let l be (0*r/2)/(-1). Let c be w(l). What is the highest common divisor of 11 and c?
11
Suppose -5*v + 20 + 5 = 0. Let l = v + -1. Let u(j) = 3*j**2 - 2*j + 2. Let a be u(2). What is the greatest common divisor of a and l?
2
Let a = -1 + 5. Let u(z) = z**2 - z - 5. Let d be u(0). Let j be (8/d)/((-4)/110). Calculate the greatest common divisor of j and a.
4
Let w = -10 - -6. Let o = w + 15. Suppose 0 = 4*k - 5*p - 18, -k + 4*p = 1 - o. Calculate the highest common divisor of k and 18.
2
Suppose -4 - 71 = -5*z. What is the highest common divisor of 135 and z?
15
Let k(o) = -o**2 - 7*o - 6. Let h be k(-4). Suppose 9*l - h*l - 15 = 0. Calculate the highest common factor of l and 20.
5
Let t(c) = 4*c**2 - 5*c + 1. Let n be t(-6). What is the greatest common factor of n and 70?
35
Let n be (-230)/(-14) + (11/7 - 2). Calculate the greatest common divisor of n and 2.
2
Let y be 1 + 135 + 6 + -9. Calculate the greatest common divisor of y and 19.
19
Suppose 0 = 3*p - 2*p - 9. What is the greatest common factor of 9 and p?
9
Suppose -c = -s - 2, 3*s = 2*c - 3 - 1. Let l be c/3 - (-16)/3. What is the greatest common factor of 3 and l?
3
Let f(j) = -2*j**3 + 22*j**2 + 18. Let i be f(11). What is the greatest common divisor of 6 and i?
6
Suppose 0*f + 2*f = -5*s + 64, -2*s = -3*f + 134. Suppose 0*b + b = f. Calculate the greatest common divisor of b and 6.
6
Let j(v) = v**3 + 13*v**2 - 12*v - 3. Let d be j(-14). Let i = d - -55. What is the highest common factor of i and 12?
12
Suppose 0*x - 2*x = 2*h - 18, 4*h - 4*x = 52. Calculate the highest common factor of 99 and h.
11
Let f be (-4)/3*270/(-12). Calculate the greatest common factor of 20 and f.
10
Let o = 114 + -49. Let v = -43 + o. Calculate the greatest common divisor of v and 11.
11
Let y(d) = d - 2. Suppose -2*w = 4*i - 10, 2*w = -i + 3*w - 2. Let g be y(i). Let p = g - -3. What is the greatest common factor of p and 16?
2
Let h(i) = -5*i. Let k be h(-3). Let m be 32/6*k/10. What is the highest common divisor of 4 and m?
4
Suppose -2*h = -b - 2*b - 3, h - 3*b = 0. Calculate the greatest common divisor of 24 and h.
3
Let u = 135 - -8. Calculate the greatest common divisor of u and 13.
13
Let o be 6/27 - 628/(-9). Let u be (o/(-21))/(4/(-6)). Suppose 132 = 3*w - 3*a, -u*w + a = 3*a - 227. Calculate the greatest common factor of w and 18.
9
Suppose 0 = -0*f + f - 5. Suppose 0*a = -3*y + 4*a + 52, a = -f*y + 102. Calculate the greatest common factor of y and 20.
20
Suppose -2*i = n + 4, -n - 3*i - 28 = -5*n. Let o be ((-9)/2)/((-3)/n). Calculate the greatest common divisor of o and 4.
2
Suppose 3 - 9 = -u. What is the highest common divisor of u and 6?
6
Let i be (-221